n h is divided by 19?
14
Suppose 8*s - 53*s + 2250 = 0. Calculate the remainder when s is divided by 16.
2
Suppose 2*l - 44 = 5*p, 4*l - 14*p - 132 = -15*p. What is the remainder when 78 is divided by l?
14
Suppose 0 = 5*v - 8 - 12. Suppose -4*t - 2*k + 22 = 0, 2*t - v*k - 12 = 3*t. Calculate the remainder when 13 is divided by t.
5
Let b(t) = 198 - 5*t + 3*t**2 + 2*t**3 - t**3 - 200. Let i be b(-4). Suppose -2*z - i*z + 56 = 0. Calculate the remainder when 41 is divided by z.
13
Suppose 52 = -2*s + 194. Let k = s - -7. Calculate the remainder when k is divided by 20.
18
Suppose 5*g + 3*i = 144, 0 = -g - 6*i + 5*i + 30. Calculate the remainder when g is divided by 26.
1
Suppose -87*h + 340 = -82*h. Calculate the remainder when h is divided by 23.
22
Calculate the remainder when 149 is divided by ((-282)/(-9))/(-2 + (-80)/(-30)).
8
Let c(b) = b**2 - 13*b + 56. Calculate the remainder when 167 is divided by c(13).
55
Let o = -215 + 261. What is the remainder when o is divided by 10?
6
Let v(c) = c**2 - c - 12. Let x be v(0). Let n = -20 - x. What is the remainder when 74 is divided by (76/n*2)/(-1)?
17
Suppose 42*d - 224 = 44*d. Let s = -82 - d. Calculate the remainder when s is divided by 16.
14
Let b(k) = 31*k + 125. What is the remainder when b(20) is divided by 83?
81
Suppose 0 = -4*y + 3*m - 37 - 13, -y + m - 12 = 0. Calculate the remainder when 21 is divided by y/(-5)*5/2.
0
Suppose -3*q = -4*l + 6*l - 1, -3*q - 1 = l. Suppose -5*h + 15 = 0, l*j + 3*h = -j + 24. Calculate the remainder when 2 + (9 - (-3 - 0)) is divided by j.
4
Let q(v) = v**2 - 8*v - 8. Suppose 5*m - 400 = -3*i - 70, m + 2*i = 59. What is the remainder when m is divided by q(10)?
9
Suppose 0 = -8*b + 1254 + 1050. Calculate the remainder when b is divided by 74.
66
Let q = 21 - 14. Let v(b) = b + 22. What is the remainder when 115 is divided by v(q)?
28
Suppose -9*n = -6*n - 6. Let b be 4/n*(-5)/(-5). Suppose g + k = 13, -5*g - b*k = -7*k - 45. What is the remainder when 21 is divided by g?
10
Let l(z) = -6*z - 50. What is the remainder when 0/4 + (2 - -23) is divided by l(-9)?
1
Let j = -110 - -123. Calculate the remainder when 51 is divided by j.
12
Calculate the remainder when (-18)/72 + 3411/12 is divided by -38*(-2 - (-2)/4).
56
Suppose -102 = -3*d + 33. Let w(a) = a**2 - 2*a - 3. Suppose 0*n = 3*n - 15. Calculate the remainder when d is divided by w(n).
9
Let v = 132 - 124. Suppose -v*d - 5*d + 520 = 0. What is the remainder when 79 is divided by d?
39
Let m = 61 - 23. Suppose x = -x + m. Calculate the remainder when x is divided by 7.
5
Suppose -371 = -7*s + 532. What is the remainder when s is divided by 33?
30
Let w be (-1974)/(-35) + (-6)/15. Let n be ((-8)/14)/((-4)/w). Suppose 70 = -3*z + n*z. Calculate the remainder when z is divided by 5.
4
Suppose 0 = 7*l - 2*l - 40. Suppose 9*n - 152 = -l. Calculate the remainder when n is divided by 6.
4
Suppose 16*q = -3*q + 2489. What is the remainder when q is divided by 17?
12
Suppose -3*j + 263 = -2*o, 271 = 3*j - 2*o + 4*o. What is the remainder when j is divided by 13?
11
Let p(x) = 132*x - 1077. What is the remainder when p(9) is divided by 28?
27
Suppose -7*d + 132 = -3*d. Suppose -g = 24 - d. Suppose 117 + 23 = 5*q - 5*f, 44 = 2*q + f. What is the remainder when q is divided by g?
6
Suppose 2*v + 67 = 3*b - 0, -b - 5*v = -28. Suppose 5*r = 2 + b. Suppose r*k - 43 = -o + k, 0 = o + 3*k - 40. Calculate the remainder when 123 is divided by o.
30
What is the remainder when -1*(2/10 + 10900/(-125)) is divided by 31?
25
Suppose -u - 3*l + 5 = 0, 3*l = -u + 8*l + 29. Suppose -5*c = 17*c - 902. Calculate the remainder when c is divided by u.
13
Let u(z) = 24*z + 351. What is the remainder when 157 is divided by u(-11)?
70
Let x = 1485 + -1478. What is the remainder when 131 is divided by x?
5
Suppose n + 5*d = -6, -7 = 2*d - 3. Suppose 5*p - 80 = -5. Suppose -n*b = b - p. What is the remainder when 5 is divided by b?
2
Suppose 12*z + 6510 = 54*z. What is the remainder when z is divided by 12?
11
Let p(w) = -w**3 + 21*w**2 - 20*w + 3. Suppose 0 = k - 2*k + 7. Calculate the remainder when p(20) is divided by 2/k - 24/(-14).
1
Suppose -2*a - 4*g = -274 + 56, -3*a + 311 = 2*g. Calculate the remainder when a is divided by 4.
1
What is the remainder when (40 + (1 - 9))/((-4)/(-22)) is divided by 18?
14
Let d be (-6)/(-1 - (-1)/3). Let u = d - -24. Suppose 2*k - u = 7. What is the remainder when 57 is divided by k?
17
Suppose -2*n = -3*t + 653, 4*t + 2*n - 286 - 608 = 0. What is the remainder when t is divided by 56?
53
Suppose 0 = -2*f + 5*k + 37, -2*f + 24 + 11 = -3*k. Let m = -9 + f. Calculate the remainder when (2 + -5)*9/(-1) is divided by m.
6
Let v = 163 - 151. Calculate the remainder when ((-36)/(-10))/((-4)/(-50)) is divided by v.
9
Suppose 35 = 25*x - 215. What is the remainder when 47 is divided by x?
7
Let f(b) = -5*b - 21. Let o be f(-5). Suppose 4*g - 208 = o*k + 200, -5*g + 494 = -k. Calculate the remainder when g is divided by 27.
17
Let v(d) = 3*d - 20. Suppose -3*j = o - 5, -12 = -2*o - 0*o - 4*j. What is the remainder when v(o) is divided by 4?
0
What is the remainder when 359 is divided by 4/(7 + 732/(-108))?
17
Let p(j) = 2*j**2 - 5. Let a be p(2). Suppose k - 5*o = 5, -5*k + 0*o + 91 = -a*o. What is the remainder when 55 is divided by k?
15
Suppose 5*a - 2*a + 3*q = 21, 0 = 3*a + 2*q - 21. Let t(w) = 20*w - 55. What is the remainder when a is divided by t(3)?
2
Let p = 40 + -15. Let b be 8/(-3) + (-1)/3. Let t = p - b. Calculate the remainder when 54 is divided by t.
26
Calculate the remainder when (-172)/10*530/(-212) is divided by (-204)/8*(-4)/6.
9
Suppose -2449 = -99*q + 20*q. Calculate the remainder when q is divided by 3.
1
Suppose 4*j = -7*o + 2*o + 2, 5*j - 2*o = 19. Let u(t) = t**3 - t**2 - 2*t + 3. Calculate the remainder when 40 is divided by u(j).
10
Let d(f) = -f**3 - 5*f**2 + 4*f + 2. Let q = 2 + 0. Suppose -3*y + 5*r + 32 = 0, q*r = -8 - 0. What is the remainder when d(-6) is divided by y?
2
Let d(t) = t**3 + 5*t**2 - 4*t - 15. Let o be d(-5). Suppose -145 = -o*g - 0*g. Calculate the remainder when 85 is divided by g.
27
Suppose -300 = -12*x + 648. Calculate the remainder when x is divided by 17.
11
Let g(l) = -2*l + 99*l**3 + 21 - 98*l**3 - 9*l - 9*l**2. Calculate the remainder when g(10) is divided by ((-3)/6)/(2/(-12)).
2
Let l = -132 - -157. Suppose c - 18 = l. Calculate the remainder when 257 is divided by c.
42
Suppose 584 = -142*j + 146*j. Calculate the remainder when j is divided by 19.
13
Let h(n) = -27*n - 90. Suppose -u = 4*u - 125. What is the remainder when h(-7) is divided by u?
24
Calculate the remainder when 237 is divided by ((35/2)/5)/((-24)/(-48)).
6
Suppose 9*q - 20 = -2. Suppose 3*w - 56 = q*w - 5*h, 5*h = w - 36. What is the remainder when w is divided by 16?
14
Suppose x - 3 = 5. Let f = x + -22. Let g = -3 - f. What is the remainder when 18 is divided by g?
7
Let j = -179 - -279. Suppose -7*u - j = -12*u. Let z = u - 14. Calculate the remainder when z is divided by 4.
2
Let u be 1*(501/(-3) + 1). Let a = u - -309. Calculate the remainder when a is divided by 36.
35
Suppose -a + s = -9, -2*s = 5*a - 1 - 30. Suppose -3*n = -a*n + 36. What is the remainder when 3/(-12) + (-169)/(-4) is divided by n?
6
Let y = -1407 + 1414. What is the remainder when (-1)/4 + 73/4 is divided by y?
4
Suppose 2*j = 4*y + 4, -6 = -3*j + 2*y + 16. Let u be (112/20)/(1/j). Suppose 2*m - 7*m + 68 = k, 5*m - u = 3*k. What is the remainder when 24 is divided by m?
11
Let i be 84/20 - 2/10. What is the remainder when 38 is divided by (-28)/7*(-10)/i?
8
Let f(o) = -2*o - 3. Let x(i) = 7*i + 11. Let w(y) = -22*f(y) - 6*x(y). What is the remainder when 13 is divided by w(2)?
1
Suppose 14*a + 25 = 17*a + 5*o, 2*a = -5*o + 20. What is the remainder when a is divided by 2?
1
Let d(m) = m. Let n(c) = 9*c - 5. Let q(s) = 6*d(s) - n(s). Let h be q(4). Let g = h - -22. Calculate the remainder when 42 is divided by g.
12
Let m(i) = i**2 - 4*i + 2. Let d be m(4). Let q be d - (2 - 1 - 3). Suppose c = 17 - q. Calculate the remainder when c is divided by 4.
1
Let o = 1527 + -1485. Calculate the remainder when o is divided by 3/2*(-24)/(-9).
2
Suppose -54 = -3*u + 2*z + z, -5 = z. Let s = 334 + -206. What i